 j(6). Let x be h(p). What is the highest common factor of x and s?
13
Suppose -5*a = 4*v - 45, 2*a + 2 = 4*a. Let c be v/2 + (7 - 4). Calculate the greatest common divisor of c and 64.
8
Suppose 0*s + 5*s - 900 = 0. Suppose c = -c + s. What is the highest common divisor of 10 and c?
10
Let w = 116 - 110. Calculate the greatest common factor of w and 12.
6
Let k be 42 - (-4 + 1 - -1). Calculate the greatest common divisor of 22 and k.
22
Suppose -g + 9 = 3. Let f = g - 4. Suppose f*n = -6, 5*t - 3*n + 0*n - 429 = 0. Calculate the greatest common divisor of 12 and t.
12
Let y = 6 - 5. Let t = 7 - 4. Suppose -t*i + x + 37 = 0, i - x - 6 - 9 = 0. Calculate the greatest common factor of y and i.
1
Suppose 4*k = 3 + 5. Let j be 206/14 + k/7. What is the highest common divisor of 45 and j?
15
Let i(o) = 4*o - 3. Let a be i(4). Let n = 1 - 10. Let t = a + n. Calculate the highest common divisor of t and 12.
4
Suppose 3*v - v - 16 = 0. Let n(d) = d**3 + 8*d**2 - 10*d - 5. Let c be n(-9). Calculate the highest common factor of c and v.
4
Suppose -2*o + 4*o - 2 = 0. Let r = 2 - o. Suppose s - 3*x + 5 = 0, -7*s + 3*s + 7 = -3*x. Calculate the greatest common factor of s and r.
1
Let b = 31 + -19. Let y = -58 + 154. What is the highest common factor of b and y?
12
Let t be -25*(18/(-8) - (-1)/4). Calculate the greatest common divisor of t and 10.
10
Suppose 0 = -l + 6. Calculate the greatest common divisor of 48 and l.
6
Suppose -t - 6 = 3*b, 5*t - 2*b = 2*b + 65. Let v(y) = -2*y**2 - 5*y - 6. Let q be v(-4). Let r = q - -36. What is the greatest common factor of r and t?
9
Let n be 1 + -2 + (1 - -2). What is the highest common factor of 10 and n?
2
Suppose 151 = 2*k + 41. Suppose 2*r - x = -0*r + 24, x - 9 = -r. What is the highest common divisor of k and r?
11
Suppose -2*r = -14*r + 576. Calculate the greatest common factor of 240 and r.
48
Suppose -3*i - 3 = -6. Calculate the greatest common divisor of 3 and i.
1
Suppose 0 = q - 5 - 13. What is the highest common factor of 18 and q?
18
Let n = -304 - -464. Let q(w) = -7*w + 2. Let j be (-1 - -2)/(2/(-4)). Let c be q(j). What is the highest common divisor of c and n?
16
Let j(s) = 2*s + 2. Let x be j(6). What is the highest common factor of 7 and x?
7
Let z(m) = -3*m**3 - 14*m**2 - 2*m + 6. Let n be z(-6). Calculate the highest common factor of n and 6.
6
Let h be (2/(-4))/((-1)/(-16)). Let g(m) = -6 - 9 - m + 19. Let r be g(h). Calculate the highest common divisor of r and 84.
12
Let f be (15/2)/((-2)/(-4)). Suppose -2*y = -k - 4, 4*k + 3 = y + f. Let m be (-220)/(-14) - (-2)/7. Calculate the greatest common factor of m and k.
4
Let d be 50/18 - (-4)/18. Suppose -19 = 4*h - q + 25, -d*h = 5*q + 33. Let s be -6*(h/1 - -2). Calculate the highest common factor of s and 6.
6
Let s = -33 - -105. Let h be (s/20)/((-4)/(-10)). Calculate the greatest common divisor of 3 and h.
3
Suppose l - 46 = -15. Calculate the highest common divisor of 155 and l.
31
Let d(w) = 5*w - 1. Let n be d(2). Let i = n + 3. Calculate the greatest common factor of 12 and i.
12
Suppose 0 = 3*d + 3 - 12, -m - 4*d + 4 = 0. Let h(p) = p**2 + 3*p - 1. Let l be h(m). Let y be (2 + 0)/(6/l). What is the greatest common factor of y and 65?
13
Suppose -3*y + 18 = -4*y - 4*k, 4*k + 24 = 2*y. Calculate the greatest common divisor of y and 2.
2
Suppose -2 = j + 13. Let p be (-10)/(-2)*6/j. Let s be (-1 + 11)/((-2)/p). Calculate the highest common divisor of 25 and s.
5
Suppose -7*n + 10*n - 357 = 0. What is the greatest common divisor of n and 17?
17
Let r be 60/27 + 4/(-18). Let n be (-9)/3*(-44)/r. Suppose -6*z = -z - 110. Calculate the greatest common divisor of n and z.
22
Let i(s) = -s**3 + 7*s**2 + 12*s - 5. Let m be i(8). Suppose -p = -2*p + 18. What is the highest common divisor of m and p?
9
Let o be ((-132)/(-18))/(4/42). Calculate the greatest common factor of 7 and o.
7
Suppose u + 0*u = 130. Let h(w) = 2*w + 3. Let j be h(5). Calculate the greatest common divisor of j and u.
13
Suppose 3*c = -2*c + 20. Suppose c*t + 75 = 9*t. Suppose 0 = -4*u + 17 + t. What is the highest common divisor of 12 and u?
4
Let p(o) = 91*o**2 + 5*o - 6. Let n be p(2). Calculate the highest common factor of 23 and n.
23
Suppose -2*v = -4*z - 18, -2*z + 12 + 34 = 4*v. Let i be -33*1/((-9)/12). What is the greatest common divisor of i and v?
11
Suppose -2*h - 7*h + 81 = 0. Calculate the greatest common divisor of h and 27.
9
Let y be 90*(8/6)/(28/42). Calculate the greatest common factor of y and 20.
20
Let o(s) = s**3 + 4*s**2 + 2*s + 1. Let h be o(-3). Calculate the greatest common divisor of 6 and h.
2
Suppose 3*l - 88 = l. Suppose 2*a = -4*d + 2, 5*d + 8 = 3*a - 6. Suppose -a*m = -8*m + 55. Calculate the highest common factor of m and l.
11
Let b = -11 - -26. Suppose -r + b = 4*r. Suppose r*v - 222 = 18. What is the greatest common factor of 10 and v?
10
Let v(z) = z**3 + 4*z**2 - 7*z - 3. Suppose 0*h - 3*h = 4*a + 29, 3*a + 21 = -2*h. Let j be v(a). Calculate the highest common divisor of j and 77.
7
Let s be (-38)/(-9) + (-4)/18. Suppose s*c - 8 = 32. Let z(r) = -r**2 + 14*r - 25. Let m be z(9). What is the highest common divisor of c and m?
10
Suppose -22 = g - d - 165, 5*d + 571 = 4*g. Let i be (g/15)/((-3)/(-10)). What is the highest common divisor of 4 and i?
4
Let i(g) = 3*g**2 + 4*g + 2. Let b be i(-2). Suppose 5*o + 2*h - 10 = 0, -3*o + 9*h - 4*h = -b. Calculate the highest common factor of o and 4.
2
Let b be 44 + (-1 + 1 - -1). Let g be 2/(-2) - 12/(-3). Let x be -2 - ((-2 - 21) + g). Calculate the highest common factor of b and x.
9
Suppose 4 = b - 1. Suppose -12 - b = -d. Calculate the greatest common divisor of d and 17.
17
Let u be (13830/(-16))/(-3) - (-19)/(-152). What is the greatest common divisor of 32 and u?
32
Suppose 4*h = 7 + 25. Suppose -68 + h = -5*y. Calculate the highest common divisor of y and 24.
12
Suppose 3*u - 16 = -4. Let z = u + 3. Let o be (z + 3)/(2/4). Calculate the greatest common divisor of 50 and o.
10
Let d = 24 + -1. Calculate the highest common divisor of d and 23.
23
Let m = -12 + 48. Calculate the greatest common factor of 9 and m.
9
Suppose -2*s + 33 + 10 = 5*t, 5*t = 25. Let y be (8/(-6))/(1/(-27)). Calculate the greatest common factor of y and s.
9
Let x be (-1 + 80/(-6))*3. Let w = -25 - x. Calculate the greatest common factor of 3 and w.
3
Let g(y) = -5*y + 16. Let b be g(-5). What is the greatest common factor of 287 and b?
41
Suppose 0 = -3*x + l - 31, -x = -6*x + 2*l - 51. Let m = 7 + x. Let a = 6 - m. Calculate the highest common factor of a and 30.
10
Let c(a) = 2*a**2 + 4. Let i be c(-3). Let x(b) = 3*b**2 + b + 1. Let g be x(-2). Calculate the greatest common divisor of i and g.
11
Suppose -78 = -3*r + 87. What is the greatest common divisor of r and 5?
5
Let a = 37 + -17. Suppose 3*v - 1 = 14, -2*u + 4*v = 4. What is the highest common divisor of a and u?
4
Suppose -351 = 4*x - 7*x. What is the highest common factor of 13 and x?
13
Suppose -11 = a - 5*m, 5*a - 3*m = m - 13. Let n be a + 12/(1 + 0). Suppose -x + 66*q = 68*q + 9, q + 6 = x. Calculate the highest common factor of n and x.
1
Suppose 2*h + 8 = -5*n, 3*h - 6*h = -2*n + 12. Suppose 3*m + 0 - 39 = n. Suppose -520 = 4*d - 9*d. What is the highest common divisor of d and m?
13
Let r = 2 - -14. What is the highest common divisor of 48 and r?
16
Suppose -20 = -2*c + 4. Let m be (c/(-8) - 0)*-32. Calculate the highest common factor of 24 and m.
24
Let m = -20 + 28. Suppose m*i - 182 = 4*i - 5*j, -3*i = 2*j - 140. Let x(c) = -12*c. Let u be x(-1). What is the greatest common divisor of i and u?
12
Let b = 3 - 2. Let c(q) = -4*q + 1. Let y be c(b). Let g be 2/y - (-550)/15. Calculate the greatest common divisor of g and 90.
18
Suppose 19*d = 14*d + 130. Let q be (56/6 - 2)*39. What is the highest common factor of q and d?
26
Let a be -16*-9*1/2. Suppose 5*z + 5*v - v - 36 = 0, -z + 3*v + 11 = 0. What is the highest common factor of a and z?
8
Suppose 92 = 10*n - 268. Calculate the greatest common factor of 252 and n.
36
Let c(j) = j**2 + 14*j + 17. Let a be c(-19). Let m be 10/3 + (-4)/(-6). Suppose -6*z + 28 = -m*z. Calculate the greatest common divisor of z and a.
14
Let u be (-20)/6*6/(-4). Suppose t - u*h + 12 = 0, h - 3*h = -4*t + 6.